{"id":279,"date":"2023-01-13T17:49:04","date_gmt":"2023-01-13T17:49:04","guid":{"rendered":"https:\/\/inquietudearquitetura.pt\/?page_id=279"},"modified":"2025-12-18T17:03:08","modified_gmt":"2025-12-18T17:03:08","slug":"contatos","status":"publish","type":"page","link":"https:\/\/inquietudearquitetura.pt\/?page_id=279","title":{"rendered":"Contatos"},"content":{"rendered":"\n<h2 class=\"wp-block-heading has-large-font-size\" style=\"font-style:normal;font-weight:100\">PORTO | LISBOA  |  ALGARVE<\/h2>\n\n\n\n<div class=\"wp-block-group is-nowrap is-layout-flex wp-container-core-group-is-layout-4a8ca3eb wp-block-group-is-layout-flex\">\n<div class=\"wp-block-group is-vertical is-content-justification-right is-layout-flex wp-container-core-group-is-layout-c0d519fa wp-block-group-is-layout-flex\">\n<div class=\"wp-block-group is-vertical is-content-justification-stretch is-nowrap is-layout-flex wp-container-core-group-is-layout-97c34460 wp-block-group-is-layout-flex\" style=\"padding-top:0;padding-bottom:0\">\n<p class=\"has-text-align-left has-primary-color has-text-color has-link-color wp-elements-0c5bc1fd0623a0f2f250a626c5bcb855\" style=\"font-size:clamp(14px, 0.875rem + ((1vw - 3.2px) * 0.354), 18px);font-style:normal;font-weight:100\"><em>+info:<\/em> +351 968 750 056 <em>(chamada para rede m\u00f3vel nacional)<\/em><\/p>\n\n\n\n<p class=\"has-text-align-left has-primary-color has-text-color has-link-color wp-elements-6e0d7d2fb935fdb492250f40e8656ef7\" style=\"font-size:clamp(14px, 0.875rem + ((1vw - 3.2px) * 0.354), 18px);font-style:normal;font-weight:100\"><em>projetos:<\/em> geral@inquietudearquitetura.pt <\/p>\n\n\n\n<h5 class=\"wp-block-heading\"><\/h5>\n\n\n\n<p class=\"has-text-align-left has-primary-color has-text-color has-link-color wp-elements-a213e49ceb9fdd9213bf5b302c88893f\" style=\"font-size:clamp(14px, 0.875rem + ((1vw - 3.2px) * 0.354), 18px);font-style:normal;font-weight:100\"><em>administrativo e financeiro:<\/em> administrativo@inquietudearquitetura.pt | m. +351 924 346 851 <em>(chamada para rede m\u00f3vel nacional)<\/em><\/p>\n\n\n\n<h5 class=\"wp-block-heading\"><\/h5>\n\n\n\n<p class=\"has-text-align-left has-primary-color has-text-color has-link-color wp-elements-8427938d9e782b1668eeff0c87d7473a\" style=\"font-size:clamp(14px, 0.875rem + ((1vw - 3.2px) * 0.354), 18px);font-style:normal;font-weight:100\"><em>atelier:<\/em>  Rua de Gafarim, n\u00ba 120 _ Estor\u00e3os _ 4990-590 Ponte de Lima<\/p>\n\n\n\n<h5 class=\"wp-block-heading\"><\/h5>\n\n\n\n<p class=\"has-text-align-left has-primary-color has-text-color has-link-color wp-elements-48b0aba112041b09d7e4c963e00e2f53\" style=\"font-size:clamp(14px, 0.875rem + ((1vw - 3.2px) * 0.354), 18px);font-style:normal;font-weight:100\">| Todas as reuni\u00f5es dever\u00e3o ser agendadas previamente | <\/p>\n<\/div>\n<\/div>\n\n\n\n<h2 class=\"wp-block-heading\"><\/h2>\n<\/div>\n\n\n\n<h1 class=\"wp-block-heading\"><\/h1>\n","protected":false},"excerpt":{"rendered":"<p>PORTO | LISBOA | ALGARVE +info: +351 968 750 056 (chamada para rede m\u00f3vel nacional) projetos: geral@inquietudearquitetura.pt administrativo e financeiro: administrativo@inquietudearquitetura.pt | m. +351 924 346 851 (chamada para rede m\u00f3vel nacional) atelier: Rua de Gafarim, n\u00ba 120 _ Estor\u00e3os _ 4990-590 Ponte de Lima | Todas as reuni\u00f5es dever\u00e3o ser agendadas previamente |<\/p>\n","protected":false},"author":1,"featured_media":2007,"parent":0,"menu_order":0,"comment_status":"closed","ping_status":"closed","template":"","meta":{"inspiro_hide_title":false,"footnotes":""},"class_list":["post-279","page","type-page","status-publish","has-post-thumbnail","hentry"],"_links":{"self":[{"href":"https:\/\/inquietudearquitetura.pt\/index.php?rest_route=\/wp\/v2\/pages\/279","targetHints":{"allow":["GET"]}}],"collection":[{"href":"https:\/\/inquietudearquitetura.pt\/index.php?rest_route=\/wp\/v2\/pages"}],"about":[{"href":"https:\/\/inquietudearquitetura.pt\/index.php?rest_route=\/wp\/v2\/types\/page"}],"author":[{"embeddable":true,"href":"https:\/\/inquietudearquitetura.pt\/index.php?rest_route=\/wp\/v2\/users\/1"}],"replies":[{"embeddable":true,"href":"https:\/\/inquietudearquitetura.pt\/index.php?rest_route=%2Fwp%2Fv2%2Fcomments&post=279"}],"version-history":[{"count":102,"href":"https:\/\/inquietudearquitetura.pt\/index.php?rest_route=\/wp\/v2\/pages\/279\/revisions"}],"predecessor-version":[{"id":2683,"href":"https:\/\/inquietudearquitetura.pt\/index.php?rest_route=\/wp\/v2\/pages\/279\/revisions\/2683"}],"wp:featuredmedia":[{"embeddable":true,"href":"https:\/\/inquietudearquitetura.pt\/index.php?rest_route=\/wp\/v2\/media\/2007"}],"wp:attachment":[{"href":"https:\/\/inquietudearquitetura.pt\/index.php?rest_route=%2Fwp%2Fv2%2Fmedia&parent=279"}],"curies":[{"name":"wp","href":"https:\/\/api.w.org\/{rel}","templated":true}]}}